7726 and 42?
42
What is the greatest common divisor of 301887 and 324?
81
Calculate the highest common divisor of 1067 and 110.
11
Calculate the greatest common divisor of 1025 and 164.
41
What is the highest common factor of 10127 and 695647?
779
Calculate the greatest common divisor of 162 and 34074.
54
What is the highest common divisor of 129368 and 576?
8
Calculate the highest common factor of 90 and 29880.
90
Calculate the highest common divisor of 781 and 2035.
11
Calculate the greatest common divisor of 38 and 347605.
19
What is the greatest common factor of 162 and 3618?
54
What is the highest common divisor of 20400 and 11850?
150
What is the greatest common factor of 80320 and 5344?
32
What is the highest common divisor of 312 and 68028?
12
Calculate the greatest common factor of 7875 and 6129.
9
Calculate the greatest common factor of 59 and 2112023.
59
What is the highest common divisor of 52 and 345348?
4
Calculate the greatest common factor of 34920 and 17848.
776
What is the greatest common factor of 1737 and 144?
9
Calculate the greatest common factor of 10634 and 754.
26
Calculate the highest common factor of 13980 and 2780.
20
What is the highest common factor of 266 and 181013?
133
What is the highest common divisor of 913 and 16715204?
913
Calculate the greatest common factor of 15875 and 1000.
125
What is the highest common factor of 87 and 44412?
3
What is the highest common factor of 28765 and 33?
11
Calculate the greatest common divisor of 141984 and 4352.
544
Calculate the greatest common factor of 27825 and 10353.
21
What is the greatest common divisor of 44 and 293315?
11
Calculate the greatest common divisor of 9262 and 16676.
22
What is the greatest common factor of 155436 and 12?
12
What is the highest common divisor of 415875 and 375?
375
What is the highest common factor of 94019 and 149?
149
What is the greatest common factor of 648 and 909?
9
What is the highest common divisor of 41 and 54407?
41
What is the highest common divisor of 153745 and 10?
5
Calculate the greatest common divisor of 213 and 471.
3
What is the highest common divisor of 588067 and 541?
541
What is the greatest common factor of 180 and 19620?
180
Calculate the highest common factor of 4255 and 47360.
185
What is the greatest common divisor of 189 and 52045?
7
Calculate the greatest common divisor of 171 and 13680.
171
Calculate the greatest common factor of 406 and 14094.
58
Calculate the highest common divisor of 899 and 82832.
31
What is the greatest common divisor of 187454 and 2299?
19
Calculate the highest common factor of 9 and 2511594.
9
Calculate the highest common factor of 2951 and 1599.
13
Calculate the highest common divisor of 5187 and 4617.
57
What is the greatest common factor of 151173 and 792?
99
What is the highest common divisor of 1572030 and 30?
30
What is the highest common divisor of 27554 and 92?
46
Calculate the highest common factor of 66 and 50682.
6
What is the greatest common divisor of 13874 and 224?
14
Calculate the highest common factor of 909 and 16878312.
909
What is the highest common factor of 13478994 and 36?
18
What is the greatest common divisor of 410 and 175090?
10
What is the highest common factor of 2704 and 24544?
208
Calculate the greatest common factor of 244559 and 343.
343
Calculate the greatest common divisor of 840 and 48552.
168
Calculate the greatest common divisor of 882 and 29008.
98
Calculate the highest common factor of 202 and 31714.
202
What is the highest common divisor of 968 and 1184744?
88
Calculate the highest common factor of 6545 and 70.
35
What is the greatest common divisor of 26160 and 54240?
240
What is the highest common divisor of 24675 and 9?
3
Calculate the greatest common factor of 111207 and 190.
19
What is the highest common divisor of 154 and 329714?
154
What is the greatest common divisor of 3 and 31486?
1
Calculate the greatest common divisor of 5943 and 483.
21
Calculate the highest common factor of 9821 and 112.
7
Calculate the greatest common divisor of 2541 and 1000307.
847
Calculate the highest common factor of 4004306 and 9635.
1927
What is the highest common factor of 99 and 8085?
33
What is the highest common divisor of 42 and 1675254?
42
What is the greatest common divisor of 182 and 148239?
91
What is the highest common divisor of 840 and 174160?
280
Calculate the greatest common factor of 16218334 and 548.
274
Calculate the greatest common factor of 177089 and 132.
11
What is the highest common factor of 12988 and 296?
4
What is the greatest common divisor of 490 and 15750?
70
Calculate the greatest common factor of 1645 and 1739.
47
What is the greatest common divisor of 8492 and 16?
4
What is the greatest common divisor of 35941 and 1132?
283
Calculate the highest common divisor of 1661300 and 555.
185
What is the greatest common factor of 96051 and 5151?
303
Calculate the greatest common divisor of 555 and 2368.
37
Calculate the highest common divisor of 144808 and 736.
184
What is the greatest common divisor of 1737 and 56356?
193
What is the greatest common factor of 1547 and 26078?
221
Calculate the greatest common factor of 10696671 and 27.
27
What is the highest common factor of 696 and 1752?
24
What is the highest common divisor of 13 and 247325?
13
Calculate the greatest common factor of 127766 and 1986.
662
Calculate the greatest common divisor of 25064 and 325.
13
What is the highest common factor of 1088 and 1272416?
544
Calculate the highest common factor of 1775 and 94217.
71
What is the highest common divisor of 725 and 25056?
29
Calculate the greatest common factor of 103685 and 3115.
445
Calculate the highest common divisor of 589 and 2698.
19
What is the greatest common divisor of 2312037 and 378?
189
Calculate the highest common divisor of 530920 and 780.
260
Calculate the greatest common factor of 27 and 141477.
3
What is the highest common divisor of 262416 and 24?
24
What is the highest common factor of 166 and 279?
1
Calculate the greatest common divisor of 133818 and 204.
6
What is the greatest common divisor of 62 and 2386163?
31
What is the highest common factor of 11575519 and 827?
827
Calculate the highest common factor of 170 and 7946990.
170
What is the highest common factor of 213570 and 30058?
1582
Calculate the greatest common divisor of 30375 and 150.
75
What is the greatest common divisor of 2058 and 1813?
49
What is the greatest common factor of 2051650 and 1850?
1850
Calculate the highest common factor of 492 and 159.
3
What is the greatest common factor of 27475 and 700?
175
What is the highest common divisor of 3624 and 324?
12
What is the highest common divisor of 209 and 25146?
11
What is the greatest common factor of 965048 and 760?
152
What is the highest common divisor of 36 and 1701?
9
Calculate the greatest common factor of 2025 and 39225.
75
Calculate the greatest common factor of 4058753 and 2427.
809
What is the greatest common factor of 8 and 14912?
8
What is the greatest common divisor of 2583 and 1611?
9
Calculate the highest common divisor of 112 and 24927.
7
What is the greatest common divisor of 245 and 606571?
49
Calculate the greatest common divisor of 12410 and 850.
170
Calculate the greatest common factor of 205 and 20008.
41
What is the greatest common factor of 396 and 451?
11
What is the highest common divisor of 25 and 2470225?
25
Calculate the highest common factor of 588 and 81242.
98
What is the highest common factor of 13 and 476801?
13
What is the highest common divisor of 7 and 1157177?
7
What is the highest common divisor of 11970 and 90?
90
Calculate the highest common factor of 18606 and 588.
42
What is the highest common divisor of 218 and 1377215?
109
Calculate the greatest common factor of 430041 and 1044.
87
What is the highest common divisor of 733551 and 78?
39
Calculate the greatest common divisor of 15196 and 986.
58
Calculate the greatest common factor of 30033 and 61983.
639
What is the greatest common factor of 2554961 and 694?
347
What is the greatest common divisor of 30536 and 792?
88
Calculate the greatest common divisor of 7686 and 14.
14
What is the highest common factor of 341028 and 564?
12
Calculate the greatest common divisor of 749518 and 62.
62
Calcu